Let x(q) = -5*q**2 + 0*q**2 - 2*q**3 + q**3. Let w = 22 + -27. What is x(w)?
0
Let l = 4 - 1. Let u(k) = -2 + 2*k - 2*k**2 + 3 + k**l + 4*k**2. Let x(f) = f**3 - 2*f**2 - 8*f - 2. Let r be x(4). Calculate u(r).
-3
Let m be (-11 - -1)/(1 + -3). Suppose m = n + 1. Let h(x) = -1 - 3 - 2*x + 6 + 3. Give h(n).
-3
Let z = 16 - 21. Let w(g) = g**2 + 6*g + 2. What is w(z)?
-3
Let d = 2 - 2. Suppose d*s = 2*s + 2. Let n(l) = 5*l**2. Determine n(s).
5
Let i = 12 + -7. Suppose -12 = -3*u + 3*s, 3*u - 2*s - 3*s = 12. Let d(w) = u + 1 - w + 0. What is d(i)?
0
Let p be 20/(-6) - 2/3. Let s(b) = b**3 + 4*b**2 + b. Calculate s(p).
-4
Let n be (-6)/(-1)*4/8. Suppose 4*l - n*l + 6 = 0. Let b(c) = c**2 + 5*c - 1. What is b(l)?
5
Let p(d) be the third derivative of 1/30*d**5 + 0 + 1/3*d**3 + 4*d**2 + 1/6*d**4 + 0*d. Calculate p(-3).
8
Suppose o = -4*o - 3*y + 14, 5*o - 4*y - 28 = 0. Let i(s) = 110 + s**2 - 4*s - 57 - 52. Give i(o).
1
Let i(g) = -g**2 + 1. Let d(o) = 2*o**2 + o - 1. Let w(c) = 2*d(c) + 5*i(c). Suppose 0 = -2*q + 8. Suppose 3*m - q*m + 3 = 0. Give w(m).
0
Let r(s) = -5*s**2 + 5*s**2 - 3 + 2 + s + s**2. Give r(1).
1
Let u(n) = n**2 + 4*n - 2. Let q(j) = -j**2 + 8*j - 10. Let v be q(7). What is u(v)?
-5
Let w(u) = -u**2 + 0*u**3 + 1 + 0 + u**3. Let i = -9 - -6. Let h be 4/8*6/i. Determine w(h).
-1
Let x(r) = -15*r**2 + 2*r - 2. Let w(b) = 1 + 14*b**2 - 7*b**2 + 0*b**2 - b. Let p(c) = -7*w(c) - 3*x(c). Give p(1).
-4
Let h(p) = 2*p**3 + p**2 + p. Let y be 3 + 0 - 4/1. Determine h(y).
-2
Let m(o) = o**2 + 6*o + 2. Let n be m(-5). Let c(r) = 2*r**2 + r**2 + r**3 - 12 - r + 15. Give c(n).
6
Let p(h) = 7*h**3 - 7*h**2 - 5*h. Let u(w) = 3*w**3 - 3*w**2 - 2*w. Let k(x) = 2*p(x) - 5*u(x). What is k(2)?
-4
Let c(v) be the second derivative of -v**5/20 + 5*v**4/6 + v**3/6 - 5*v**2/2 + 6*v. Give c(10).
5
Let f = -9 + 5. Let j(q) = -1 + 0 + 3*q + 6. Determine j(f).
-7
Suppose -u = 5 - 0. Let v(t) = t**2 + 3*t + 4. Let w be v(-3). Let n(i) = -2 + 2*i + w*i + i**3 + 3 + 5*i**2 - 5*i. Calculate n(u).
-4
Let q(b) = 204*b - 68*b - 73*b - 65*b. Let w(i) = i**3 + 2*i**2 - i. Let t be w(1). Let s be (-1)/((-2)/2 + t). Give q(s).
2
Suppose -c + 25 = 5*u, -4*c - 2*u + u + 24 = 0. Let a(n) = n - 4. Give a(c).
1
Let t(i) = -3*i + 13. Suppose -2*d = 2 - 0. Let b(w) = -w + 1. Let s(x) = d*t(x) + 4*b(x). What is s(-5)?
-4
Let o(h) = 41*h**2 - 9*h - 18*h**2 + 13 - 22*h**2. Let z be o(6). Let v(j) = -j. Give v(z).
5
Let i(o) = o**3 + o**2 - o - 6. Suppose 0 = -s - 4*x - 15, 5*x - 2 + 27 = 0. Let j(z) = -5 + 0 - 3*z + 4*z. Let l be j(s). What is i(l)?
-6
Let s(y) = -y**3 - 1. Let a(v) = 13*v**3 - v**2 - v + 1. Let p(o) = a(o) + 6*s(o). Let u(q) = -q**3 + 1. Let f(t) = -p(t) - 6*u(t). Calculate f(2).
-3
Let j(o) = -2*o**2 - 3*o + 2. Suppose -10*z - 18 = 12. Determine j(z).
-7
Let u(p) = 5*p**2 - 14*p - 5. Let r(c) = c**2 - c - 1. Let a(y) = -6*r(y) + u(y). Determine a(-8).
1
Let a(w) = 0*w + w**2 - w + 0*w + 2. Let t(o) = o**2 + 2*o - 3. Let s be t(-3). Suppose -b - 3*r = -12, -5*b + s*r = r - 4. Calculate a(b).
2
Let t(p) = p + 5. Let s be t(-6). Let y(v) = -v - 3. Let h be y(-7). Let o(b) = 35*b + 15. Let j(i) = -9*i - 4. Let d(k) = h*o(k) + 15*j(k). Give d(s).
-5
Let h(i) be the third derivative of 1/24*i**4 - 4*i**2 + 0 - 1/60*i**5 + 0*i + 4/3*i**3. Calculate h(0).
8
Let o(j) = 4*j - 7. Let p(s) = -s + 1. Let z(u) = -o(u) - 5*p(u). Calculate z(6).
8
Let t(g) be the first derivative of g**2/2 + 7*g + 5. Suppose -11 = -4*r + 1, -4*r + 20 = -2*v. Calculate t(v).
3
Let k(z) be the second derivative of z**5/60 - z**4/8 - 2*z**3/3 - z**2/2 - 3*z. Let h(r) be the first derivative of k(r). Give h(4).
0
Suppose 0 = b - 0*b - 5, 0 = 5*u + 5*b - 5. Let t(p) = -p - 1. Give t(u).
3
Let k(h) be the first derivative of -h**4/4 + h**3 + 3*h**2/2 - 13. Determine k(3).
9
Let b(i) = 4 + 4*i - 12 - 5*i - 2*i. Give b(-4).
4
Let g(d) = 14*d**3 + 2*d**2 - 26*d + 29. Let w(n) = 5*n**3 + n**2 - 9*n + 10. Let k(s) = -4*g(s) + 11*w(s). Calculate k(4).
-2
Let p(v) be the first derivative of -v**5/60 + v**4/12 + v**3/2 - 5*v**2/2 - 1. Let f(r) be the second derivative of p(r). What is f(-3)?
-12
Suppose b + j + 4*j + 22 = 0, -4*b + 4*j + 32 = 0. Suppose 0 = 3*s + 15, 0*g + 3*s = -2*g - 9. Let c(t) = -2*t**g + 4*t + t**b - 3*t. What is c(2)?
-6
Let h(d) = 2*d + 10. Let i be ((-30)/25)/(4/20 - 0). Determine h(i).
-2
Let t(r) = 108*r + r**2 - 101*r + 3*r**2 - r**3 - 3. What is t(5)?
7
Let m(p) = -p - 5. Let u be m(-5). Let s(r) = -1 + u*r**2 - 4*r**2 + 5*r + 3*r**2. Suppose 0 = 5*t - 4*i - 13, -3*i = 2*t + i - 22. Calculate s(t).
-1
Let u(j) be the third derivative of j**5/20 - j**4/12 + j**3/6 + j**2. Suppose 2*m + 3*q + 1 = 0, 0 = 3*m - q + 1 - 5. What is u(m)?
2
Let p(m) = -m - 10. Let c be 3/(-6)*(-50 + 0). Suppose 6*n - n = -c. Give p(n).
-5
Let g(s) = -s - 14. Let f be g(-7). Let o = f - -4. Let x(h) = h - 4. Give x(o).
-7
Let u(l) = 5 + 15 + l + 0*l. Let i be u(0). Suppose 0*v + 4*v = 5*g - i, g + 5*v = 4. Let n(w) = w**2 - 2*w - 3. Give n(g).
5
Let m(d) be the third derivative of d**6/12 - d**3/6 - 25*d**2. Give m(-1).
-11
Let y(n) = -8*n + 1. Let l(g) = -g + 6. Let p be l(4). Let v(z) = -z + 7. Let r be v(6). Suppose c = -r + p. What is y(c)?
-7
Let h(k) = k**3 - 11*k**2 - 11*k - 6. Let b be h(12). Let o(z) = z**3 - 6*z**2 - 6. Let r(v) = v**3 - 6*v**2 - 5. Let j(u) = 6*o(u) - 7*r(u). What is j(b)?
-1
Suppose 5*j - 8 = 12. Let h(r) = 2*r - 1. Let w(x) = x - 1. Let u(i) = 2*h(i) - 3*w(i). Give u(j).
5
Suppose b - 4*b - 3 = 0. Let o(f) = f**2 + 8*f - 2. Let x(q) = q**2 + q. Let g(w) = b*o(w) + 2*x(w). Determine g(6).
2
Suppose -2*m + 10 = 3*q, 0*m = -m - q + 4. Suppose 5*j - 18 = m*p, -2*j + 2*p = 5*p - 11. Let x(a) = 0 + j - 5 - a + 0*a + 2*a**2. Determine x(-1).
2
Let t(n) = 22 + 4*n - 12 + 4*n - 11. What is t(-1)?
-9
Let j(d) = d**2 + 15*d - 1. Let p(m) = -3*m**2 - 44*m + 2. Let a(f) = -17*j(f) - 6*p(f). Determine a(-10).
15
Let p(d) = 7*d - 7. Let x(g) = -6*g + 6. Let t(q) = 5*p(q) + 6*x(q). Calculate t(6).
-5
Let q(z) = 7 + 1 - z + 2*z. What is q(-6)?
2
Let m(g) = 9*g**2 - 15*g - 3. Let h(d) = 5*d**2 - 8*d - 1. Let p(c) = 7*h(c) - 4*m(c). Calculate p(5).
0
Suppose -5*f = -6*f - 4. Let p(s) = s**3 + 3*s**2 - 2*s + 5. Give p(f).
-3
Suppose p - 6 = 2. Let i = 0 - -2. Suppose -v = -i*v, 2*z - v = p. Let f(y) = y**3 - 4*y**2 + 2*y + 3. Calculate f(z).
11
Let z(k) = -4*k**2 - k. Let o(b) = -b**3 + 2*b**2 + 6*b + 6. Let i(u) = -u**2 + u. Let g(p) = 2*i(p) - o(p). Let a be g(5). Give z(a).
-3
Let z(c) = 2*c - 2. Let g = 15 + -11. Determine z(g).
6
Let i(h) be the third derivative of h**6/360 - h**5/30 + h**4/8 - h**3/3 - 3*h**2. Let m(s) be the first derivative of i(s). Determine m(3).
0
Let d(o) = -161 - 5*o + 2*o + 162. Suppose -10 = 5*x - 2*i, 2*x - 5*i = 4*x + 4. Let f be 0 + -2 + (-1 - x). Determine d(f).
4
Let i be 5 + (14/56 - (-3)/4). Let y(h) be the third derivative of -h**5/60 + 5*h**4/24 + h**3/2 + h**2. Calculate y(i).
-3
Let d(g) = -8*g**2 - g + 4. Let o(f) = 1. Let a(v) = d(v) - 5*o(v). Suppose -2*h = -3*h. Suppose -2*j + h = b + 11, 7 = 3*b - 2*j. What is a(b)?
-8
Let b be (2 + -1)/(4 - 3). Let q(k) = -2*k - 4 - k**3 - k + b. What is q(-2)?
11
Let h(q) = q**3 + 3*q**2. Let r be h(-3). Suppose 4 = 2*v - 3*v, -5*i + 3*v + 22 = 0. Let p(u) = u - i*u + r*u**3 - u**3 + 0*u - 2*u**2. Determine p(-2).
2
Let k be (-192)/30 + (-2)/(-5). Let a = 9 + k. Let q(j) = j**2 - 7*j + 4. Calculate q(a).
-8
Let u(z) = 12*z - 8. Let v(p) = -4*p + 3. Let k(b) = -3*u(b) - 8*v(b). Suppose 0*c = -2*c - 16. Let j be (-3)/4 + 2/c. Determine k(j).
4
Let u(a) = -a**3 + 2*a**2 + a - 1. Let r(n) = 4*n + 5. Let v be r(-2). Let f be 0/4 + v/(-3). What is u(f)?
1
Let u(z) be the second derivative of -z**4/12 - 5*z**3/6 - 5*z**2/2 + 27*z. Let n = 8 + -12. What is u(n)?
-1
Let p(q) = q**3 - 2*q**2 - 2*q + 3. Let i(t) = -3*t - 3. Let a be i(-3). Let f be 62/22 - a/(-33). Give p(f).
6
Let q(y) = y + 14. Let f be q(-10). Let u(m) = m**2 - 6*m + 3. Let g be u(6). Suppose -f*j = -0*p - 2*p + 14, -g*j + p - 12 = 0. Let o(s) = s + 4. Give o(j).
-1
Let s(t) be the third derivative of -t**6/120 + t**5/12 - t**4/12 - t**2. Let n = 8 + -6. Determine s(n).
8
Let w(p) = -3*p + 10. Let s be ((-14)/(-4))/(4 - 42/12). What is w(s)?
-11
